Determine c(m).
-1
Suppose 5*r - 12 = r. Suppose -11 = r*q + 1. Let c(m) = 0*m**2 - m**2 - 1 + 5 - 4*m. Determine c(q).
4
Let q(v) = -v + 3 + 0 - 9 + 2. What is q(-5)?
1
Let h(q) be the first derivative of -q**2/2 - 2*q + 23. Calculate h(6).
-8
Let d(r) = -r**3 + 2*r**2 - 3*r + 2. Suppose -s - f + 18 = 0, 0 = -3*s + 7*s + f - 57. Let w = -11 + s. What is d(w)?
-4
Let r be 2/((-4)/10)*2. Let s(u) = 2*u + 14. Let k be s(r). Let j(t) = -4*t + 5*t - 2*t. Determine j(k).
6
Let k(u) = -u**2 - 2*u + 1. Let i be k(0). Let y(m) = -4*m**2 - m + 1. Calculate y(i).
-4
Let x(w) = w + 1. Suppose -2*z + 2 = -4*h, -2 = -2*z + 3*h - h. Let o be (-1 + z/1)/1. Determine x(o).
1
Let w(k) = 16*k - 21. Let c(j) = -3*j + 4. Let b(x) = -11*c(x) - 2*w(x). Let z(o) = -9 + 24 - 2*o + 3*o. Let u be z(-11). What is b(u)?
2
Suppose 1 - 21 = -5*x. Let s(c) = -x*c - 3 + c**2 + 9*c + 0*c. Determine s(-6).
3
Suppose 2*m + 0*m = 4. Let k(t) be the second derivative of 2*t**3/3 + t**2 + 213*t. Calculate k(m).
10
Let a(r) = -r**3 + 2*r**2 + r + 2. Let m(q) = -q**2 - 3*q + 1. Let p be m(-2). Determine a(p).
-4
Let l be ((-20)/50)/(1/(-5)). Let p(u) = -6*u + 1. Give p(l).
-11
Let a(o) = o**2 + o + 2. Let p(n) = 8 - 3*n - 3*n - 2 + 5*n. Let y be p(6). What is a(y)?
2
Let l(f) = -2 + 3*f**2 - 8*f**2 + 6*f**2 + f. Give l(-3).
4
Let a = 9 - 7. Let o(w) = w**2 + 0 + a*w + w + w**3 + 7 - 4. Give o(-2).
-7
Let r(q) = -4*q. Let u = -20 - -23. Determine r(u).
-12
Let q(n) = 3*n - 2*n + n + 56*n**2 + 2 - 29*n**2 - 26*n**2. Let o be ((-1)/1)/((-1)/(-3)). Calculate q(o).
5
Let n(a) = a + 3. Let f = -1 + -4. Let m = -3 - f. Let q be 2 + 21/(-3) + m. What is n(q)?
0
Suppose 15*g - 3 = 14*g. Let q(m) = m - 6. Give q(g).
-3
Let k(v) = v**2 + 3*v - 4. Let w be 3/(-3)*-1*2. Let y = -21 + 31. Suppose w*c + 0*c = -y. Calculate k(c).
6
Suppose -36 = -5*j - m, 0 = 2*j + 2*m - 8. Let r(q) = -q**2 + 7*q + 8. Calculate r(j).
0
Let s(o) be the first derivative of o**4/4 - o**2 - 3*o - 16. Suppose -2*l + 4*l + 5*d = -19, -2*l + 5*d = -11. Calculate s(l).
-7
Let n(l) = l**3 + l**2 - 2*l + 2. Let v be (-14)/(-5) - 3/(-15). Let x be 2*(-3)/6*v. Let z be (x/(-2))/((-3)/(-4)). What is n(z)?
10
Let b(k) be the third derivative of -1/24*k**4 - 1/120*k**6 + 0 + 2*k**2 - 5/3*k**3 + 0*k + 0*k**5. What is b(0)?
-10
Suppose 7*r = 6*r + 1. Suppose -w - j + 8 = r, -5*j = -5*w + 15. Let l(f) = f - 4. Calculate l(w).
1
Let f(m) = -m**3 - 5*m**2 + 5*m - 1. Let i be f(-6). Suppose 3*k - 38 = -i*n, -3*n + 18 = k - 4*k. Let q = n - 10. Let c(o) = o + 1. Determine c(q).
-2
Let y be -2*1*(-6)/4. Let m(d) = -4*d + d + 4 - 8 + 4*d. Give m(y).
-1
Let l(z) = 8*z - 6. Let f(t) = 4*t - 3. Let x(a) = 9*f(a) - 4*l(a). Let d(i) = -9*i + 5. Let h(o) = -3*d(o) - 7*x(o). What is h(0)?
6
Suppose 5*f = 5*n + 5, 3*f + 3*n - 4 = 29. Let p(q) = q**2 - 7*q + 5. What is p(f)?
-1
Let d(h) = 5*h**2 + 3*h - 7. Let a(v) = -7*v**2 - 5*v + 11. Let n(j) = 5*a(j) + 8*d(j). Determine n(-1).
5
Let n be 0/(3/(-1 + -2)). Let w(h) be the first derivative of -3*h**2 - 2 + n*h**2 + 2*h**2 + 0. Give w(4).
-8
Let i be -4 + (0/(-3) - -9). Let o(d) = 0*d**2 - 6 + i*d - 3*d**2 + d**3 + 0*d**2 - 2*d**2. Determine o(4).
-2
Suppose 3*q + 5 = 26. Suppose -q*t = -6*t + 3. Let h(v) = v**3 + 2*v**2 + 3. Give h(t).
-6
Suppose 3*k + 5 - 17 = 0. Let c be 2/7 + (-2)/7. Let f(x) = -6*x**2 + c*x + 1 + 0*x + k*x**2. What is f(2)?
-7
Let i be (-1)/1 - 3*-1. Let o(d) = 0 - 4 - 4*d**i + 5. What is o(1)?
-3
Let c(n) = n**2 + 6*n + 5. Let k be c(-5). Let g(d) = d**2 - d - 5. What is g(k)?
-5
Let d(o) = o + 13. Let x(m) = 7*m**3. Let n be x(-1). What is d(n)?
6
Let h = -4 + 2. Let j(s) = 2*s + 3. Give j(h).
-1
Let f = 8 + -6. Suppose f*m = 3*m. Let b(l) be the third derivative of l**6/120 + l**4/24 + 2*l**3/3 - 3*l**2. Give b(m).
4
Suppose 3*w - 7*w - c - 26 = 0, 4*w + 30 = c. Let h = -3 - w. Let s(a) = a. Let m(g) = g**2 - 8*g - 4. Let d(q) = m(q) + 4*s(q). Determine d(h).
-4
Let s(w) be the third derivative of -w**6/120 + w**5/60 + 5*w**4/24 - w**3/3 + 12*w**2. What is s(3)?
-5
Suppose 6*n - n = -15. Let r(h) = 4*h**3 + 4*h**2 - 3*h**3 + 0*h**3. Calculate r(n).
9
Let v(c) = 8*c**3 + 14*c**2 + 3*c - 5. Let t(g) = -3*g**3 - 5*g**2 - g + 2. Let q(a) = 11*t(a) + 4*v(a). Give q(2).
0
Let d(m) = -m - 8. Suppose -22*i + 18*i = 32. Calculate d(i).
0
Let d = -1 + 5. Suppose -p + 3*q = -0*q + d, -3*q + 29 = 4*p. Suppose 0 = 3*w + p - 20. Let a(v) = -v**3 + 5*v**2 + 3. Determine a(w).
3
Let w(t) = -t**3 - 6*t**2 + t + 2. Suppose -3*g = -2*d + 10, 0 = -g - 3*g + d - 20. Give w(g).
-4
Let w(x) = x**3 - 4*x**2 + x - 2. Let z be w(4). Let k(q) = z - 1 - 3 + 1 + 2*q. Calculate k(5).
9
Let i(k) be the second derivative of k**5/60 + k**4/6 + k**3/3 - k**2/2 + k. Let f(c) be the first derivative of i(c). Let r = -5 - 0. What is f(r)?
7
Let f(b) = -3 + 7*b - 9*b - 4. Give f(-7).
7
Suppose 2 = 5*j - 8. Let n(q) = 3*q + 0 + q**3 + 5*q**2 - 9*q**j - 2. Let r(c) = -2*c - 1. Let z be r(-2). Give n(z).
-2
Let g = 4 - -3. Suppose 3*r + 9 = -3*s, 3*s - g = 4*r + r. Let i(o) = -5*o - 4. Let d(y) = 2*y + 1. Let m(v) = -7*d(v) - 2*i(v). Calculate m(s).
5
Suppose 5*d + 40 = 3*j, -2*d = -2*j + 17 + 3. Let f(u) = -u**2 + 5*u + 7. What is f(j)?
7
Let t(g) = -g**3 + 9*g**2 + g + 1. Suppose -13*a + 10*a + 27 = 0. Calculate t(a).
10
Let v(c) be the second derivative of -5*c + 1/12*c**4 - 1/6*c**3 + 0 - 1/2*c**2 - 1/10*c**5. Give v(-1).
3
Let x(r) = 2*r**2 + 3*r - 4. Suppose -5*y + u - 18 = 2*u, 2*y + 18 = -4*u. Calculate x(y).
5
Let c(v) be the second derivative of -v**5/20 + 7*v**4/12 + 7*v**3/6 - 3*v**2/2 + 10*v. Give c(8).
-11
Let w(a) = 4*a**2 + 3 + 2*a - 2*a**2 - 4*a**2. Let t(z) = -2*z**2 + 2*z + 2. Let x(k) = -4*t(k) + 3*w(k). Calculate x(1).
1
Let z(m) = 3*m**3 - 3*m**2 + 1. Let y be (2/(0 + -2))/1 + 3. Calculate z(y).
13
Let h(b) = -2*b**2 - 7*b - 6. Suppose -2*p + 3*p + k = -7, 0 = p + 4*k + 16. Give h(p).
-10
Let x(p) = 3*p**2 - p + 2. Let k be (8/(-10))/(4/(-20)). Suppose k*d + 0 = 8. Calculate x(d).
12
Let k(t) = t + 1. Let m = -10 - -4. Give k(m).
-5
Let y(v) = -v**3 + 4*v**2 - v - 3. Let m = -9 - -12. Give y(m).
3
Let f(t) = -t + 5 + 1 + 2 + 2. Calculate f(6).
4
Let i(a) = -a**2 + 6*a - 3. Suppose 0 = -3*p - 1 + 7. Suppose j - 7 = 2*u, -4*u + 4 - 21 = -3*j. Suppose -j*t = p*z - 16, t + z - 8 = -z. Give i(t).
5
Let p(o) = -3*o**3 + o**2 - 5*o - 6. Let b(l) = 4*l**3 - l**2 + 7*l + 9. Let t(u) = 5*b(u) + 7*p(u). What is t(3)?
-6
Let z(o) = o**3 + o**2 - 5. Let l(w) = 3*w**2 + w. Let g be l(1). Suppose -g*j + 3*t - t = -2, j - 2 = 2*t. Determine z(j).
-5
Suppose 0 = 3*c + 12 + 6. Let z(h) = -h**2 - 6*h - 9. What is z(c)?
-9
Let s be (-4)/3 + (-4)/6. Let i(f) = -2*f**2 + f + 2. Determine i(s).
-8
Let f(k) = -k + 5. Let u = -5 - -10. Calculate f(u).
0
Let l(i) = -2*i - 7. Let m(t) be the second derivative of t**2/2 + t. Let x(f) = -l(f) - 3*m(f). Suppose -a + 7 = -0*a - 5*h, 5*a = 2*h - 11. Give x(a).
-2
Let s(z) be the first derivative of -z**2 + 4*z - 6. Suppose -2*c + o - 14 = 5*o, 2*c - o = 11. Suppose -c*i - 2*i = -25. What is s(i)?
-6
Suppose 0 = w + q + 18, -2*w + 3*q - 22 = 14. Let y be w/(-5) + (-4)/(-10). Suppose 0 = -3*a + y*a. Let m(x) = -x - 1. Calculate m(a).
-1
Let o(y) = 2*y**3 - 11*y**2 + 4*y - 11. Let v(j) = -5*j**3 + 23*j**2 - 7*j + 22. Let s(f) = -7*o(f) - 3*v(f). What is s(-9)?
-7
Let r(h) = h**3 - 4*h**2 + 5*h - 4. Let a(z) = -4*z - 1. Let k be a(-1). Let b be r(k). Suppose -b*y = 1 + 9. Let s(l) = -l**2 - 5*l + 1. What is s(y)?
1
Let y(q) be the second derivative of -q**5/20 + q**3/6 + q**2 + 12*q. Let o = 4 + -6. Calculate y(o).
8
Let r(w) = w**3 + 4*w**2 + w - 3. Let v(d) = 2*d**2 + 6*d + 7. Let n(t) = t**2 + 5*t + 6. Let q(h) = 6*n(h) - 5*v(h). Let u be q(-1). Calculate r(u).
3
Let k(p) = 10. Let d(o) = o + 22. Let g(u) = -3*d(u) + 7*k(u). What is g(8)?
-20
Suppose -4*p - p = -15. Let r(l) = 0 - p + l**2 - 3*l + 5. Determine r(4).
6
Let f be (-5 + -1)/((-51)/(-34)). Let q(u) = -2*u**2 - 5*u + 4. Determine q(f).
-8
Let p be (-5)/(4/5 + -1). Suppose -16 = 5*u - t, -p + 1 = 3*u + 3*t. Let x(j) = -131*j - 4 + 135*j - 3*j**2 + 10 - j**3. What is x(u)?
6
Let v(u) = -u**2 + 3*u - 3. Suppose -4*g + 0*w + 32 = -4*w, -3*w = -g + 18. Give v(g).
-3
Suppose -2*j = -s - 2, 3*j = -4*s + 3*s + 3. Le